 718 + x. Is t a composite number?
True
Suppose -9*b + 5*b + 77 = -q, 2*b - q = 39. Suppose b*j + 4*n = 14*j + 30145, 5*j + 2*n = 30145. Is j a composite number?
False
Let m = 106960 + -72933. Is m composite?
True
Let r = -61081 - -193130. Is r prime?
True
Suppose 4*b = -2*x + 134906, -16*b - x = -10*b - 202361. Is b composite?
True
Let b be (-105)/42*(1/1 + -3). Suppose -5*g + 1219 = d, -6185 = -4*d - d + b*g. Let w = d - 763. Is w a composite number?
True
Let z(n) = 11 - 12*n + 12 + 16*n**2 + 0*n**2. Let i be (-6)/20*35*(4/(-6) + 0). Is z(i) composite?
True
Suppose -2*z = -z + 4*b - 20, 4*b = 16. Suppose 0*g = -z*g + 23644. Suppose -4*d + 2*n + 5914 = 0, n = 5*d - d - g. Is d prime?
False
Let u(s) = s**3 - 2*s**2 + 9*s - 7. Let q be u(2). Let x(g) = 57*g**2 - 10*g - 50. Is x(q) prime?
True
Let s(p) = 2*p**2 + 50*p - 48. Let g be s(-26). Suppose 0 = -g*o + q + 10724, 3*o - 4078 = 5*q + 3965. Is o a prime number?
False
Let h(i) = 59*i**2 - 5*i + 11. Let f be h(-5). Let z = -30 - f. Let l = -586 - z. Is l prime?
False
Suppose -11043343 = -185*f + 9124062. Is f a composite number?
False
Suppose 0 = -4*u + 2 + 14, 0 = -2*c + 4*u - 10. Suppose -3*y + 6 = -12. Suppose 0 = 5*d + c*g - 49829, 0 = 5*g + 4 + y. Is d a prime number?
True
Suppose 0 = -3*r + r + 16. Suppose 4*x = r*x - 2*l + 478, l + 249 = -2*x. Let k = x + 271. Is k composite?
False
Let x = 564346 - 329405. Is x a prime number?
False
Let r be 10/(-8) + 1067/44. Let l(t) = -157 - r*t + 157*t + 180. Is l(7) a composite number?
True
Let i(s) = 119*s**2 + 68*s - 3843. Is i(48) a prime number?
False
Is 9/(-12)*1765/(-15)*2*22 prime?
False
Let j(y) = y**3 - 13*y**2 - 13*y + 10. Let f be j(13). Let v = f + 1728. Let i = v + -680. Is i composite?
True
Suppose 0 = 8*j + 112158 - 73893 - 296641. Is j a prime number?
True
Suppose 2*l - w - 54824 = -3*w, 4*l = 5*w + 109639. Let b = 41064 - l. Suppose 5*i = -5*k + i + b, -4*i - 5450 = -2*k. Is k a prime number?
True
Suppose 479*q = 486*q. Suppose q = 42*c - 14*c - 141988. Is c a prime number?
False
Let y(q) = q**2 - 4*q - 209. Let g be y(-10). Let s(n) = 23*n**3 + 3*n + 2. Let a be s(3). Let b = g + a. Is b a prime number?
True
Let s = -54 + 56. Suppose -5*x = s*v - 12, -5*x - v + 0*v + 16 = 0. Suppose x*b + 392 = 2*y, 0*b - 3*b + 413 = 2*y. Is y a composite number?
True
Let y(w) = -4*w**2 + w + 21. Let q be y(-5). Let d = q - -92. Is (2421/36)/(2/d) a prime number?
True
Let h = 220 - 220. Is (74/4 + h)/((-6)/(-2796)) composite?
True
Let z = 50 - 127. Let f = -81 - z. Is (1 + -3)/(f/2098) composite?
False
Suppose 6122366 = 41*v + 1159767. Is v a composite number?
False
Let u(m) = 11*m - 121. Let o be u(12). Suppose o*z - 37116 = -z. Is z a prime number?
False
Suppose -4*v = 2*y - 30, 0*v + 2*v = -2*y + 20. Is -5*1*v*71/(-5) a composite number?
True
Let o(m) = -2 - 2 - 495*m**2 + 1080*m**2. Is o(3) composite?
False
Let w(n) = -2*n + 21. Let u be w(9). Suppose -u*x + 0*x = -2*x. Suppose -5*t = -2*b - 356 - 153, x = 5*t - 5*b - 500. Is t prime?
True
Suppose 451*s - 8368121 = -36*s. Is s composite?
False
Suppose -18*h = 2*h - 13 - 43087. Is h composite?
True
Let l(j) = -2*j + 14*j + 1648 - 801 - 824 - 129*j**3 + 9*j**2. Is l(-5) prime?
False
Suppose 4*m = 4*f - 49572, -15*f + 14*f + 12399 = -4*m. Is f a prime number?
True
Suppose -4*z = -3*x + x - 4, -3*x + 9 = -z. Suppose -4*r - 2*y + 12010 = -11192, z*r = 5*y + 17434. Is r prime?
False
Let c = 67886 + -48307. Suppose 2*w + 5*m - 16287 = 0, c + 12989 = 4*w + 4*m. Suppose w = 6*n + n. Is n a composite number?
False
Suppose 0 = 3*h - x + 135, -4*h + 3*x + 55 - 235 = 0. Is 18/h + (220748/20 - -1) a composite number?
True
Let y = 52650 - 34993. Is y a composite number?
False
Suppose 45*c - 3227700 = 18456045. Is c a prime number?
True
Let t(l) = 112*l - 39. Let q(n) = -219*n + 83. Let v(k) = -109*k + 42. Let j(y) = 3*q(y) - 5*v(y). Let m(d) = 3*j(d) + 4*t(d). Is m(5) a prime number?
True
Suppose -2*n = 3*n + 150. Let h = n - -30. Suppose h = -0*x + 7*x - 1645. Is x prime?
False
Suppose -5*x = -x - 8. Suppose -g + 5*m = -32, 5*g - 203 = -x*m + 38. Suppose -4431 = 40*f - g*f. Is f a composite number?
True
Suppose 4*p + 7*w + 35 = 2*w, 3*w - 30 = p. Let s(q) = 1 - 28*q - 2 + 4 - q**2 + 1. Is s(p) prime?
True
Suppose -2*k - 2 = -0*k + 4*j, k + 3*j + 6 = 0. Is 3 + 13544/(k - 5) composite?
False
Let g(v) = 15091*v**2 - 19*v - 13. Is g(-7) a prime number?
True
Suppose 71965 = 3*y - 2*m, 2*y + 23995 = 3*y - 2*m. Suppose 33*l - y = 55050. Is l composite?
True
Let q = -38 + -61. Let b = -95 - q. Suppose 10*c - b*c - 9618 = 0. Is c prime?
False
Is 14/(-12 + 543550/45295) composite?
True
Let g(d) = -2*d**2 + 2*d + 8. Let j be g(-2). Is j*(-9 - -7) + 9483 prime?
True
Suppose 1 = 2*n - 53. Let b be (-25934)/(-18) + (60/n - 2). Suppose 2*t = -k + 1571, 5*k = -3*t + 905 + b. Is t prime?
True
Suppose -47*o - 516056 = -51*o - 5*f, 0 = -o + 5*f + 128989. Is o a composite number?
True
Is (-694396)/(-12) - (4 + ((-484)/12)/11) a composite number?
True
Suppose 3375 = 5*l - 5*b, -6*b + 3*b = 4*l - 2679. Let c = l - 83. Is c composite?
True
Let j(x) be the second derivative of 19*x**3/2 + 97*x**2/2 - 147*x. Is j(8) composite?
True
Let k(a) = -312*a + 9. Let u be k(-29). Let y = 5380 + u. Is y composite?
False
Let x = -15 + 7. Let j(d) = -d**2 + 6*d - 6. Let b(h) = -h**2 + 5*h - 5. Let w(z) = -3*b(z) + 2*j(z). Is w(x) prime?
False
Suppose -5*u + 15 = -65. Let m(d) = -35*d - 198. Let q be m(-6). Suppose q*n - u*n = -1676. Is n a composite number?
False
Let v be -23 + 26 + (-3748)/(-1). Let b = 6308 - v. Is b a prime number?
True
Suppose 8*y = -3*y + 396. Suppose 0 = 41*t - y*t - 105. Let b(x) = x**2 - 10*x + 22. Is b(t) composite?
True
Let q = 590770 + -322701. Is q a prime number?
True
Let x(c) = c**2 + 6*c - 6. Let b be x(-7). Let m be -1*b - (-2)/((-6)/9). Is 2 + 2/(((-8)/221)/m) a prime number?
True
Let i be 50 + (0/4)/(-1). Suppose 0 = -6*t + t - i. Is (202/8)/(t/(-280)) prime?
False
Let n = -33 + 41. Let u be -4 + 2 + (n - -10). Suppose -u = -4*t, -2*w - 26 = 3*t - 108. Is w prime?
False
Is (1/(-3))/(4/(-12)) - 57035520/(-720) composite?
True
Let s(c) = c - 4. Let m be s(1). Let q be 1/m*(-5 - 19). Is (-1 - q/(-6)) + (-434)/(-3) a composite number?
True
Suppose 5*z + 4*s = 1607649, 482*s = -4*z + 483*s + 1286115. Is z a prime number?
False
Let i = 1148703 - 660116. Is i prime?
False
Suppose -k = 4*q - 33183, -4*k - 12*q + 132717 = -11*q. Is k prime?
True
Let b be 2/(-12) - 220/(-24). Is (-2)/(-9) - (-4435)/b a prime number?
False
Let f = 10793 + -5491. Suppose 32956 - f = 6*l. Is l composite?
True
Let k(h) = -2*h**2 + 37*h - 18. Let a be k(18). Let f(g) be the third derivative of g**5/30 + g**4/12 + 149*g**3/2 + 3*g**2. Is f(a) composite?
True
Let f(g) = 208*g**3 - 6*g**2 + 57*g - 141. Is f(14) a composite number?
False
Let o = -11620 + 17081. Suppose -5*h + 3*t + 191494 = 0, -3*t - o = -3*h + 109439. Is h composite?
True
Let d = 173 + -161. Is (-33)/d + 3 + 26150/8 a composite number?
True
Is (-2 + -1)*7/((-21)/164729) composite?
False
Let u(d) = 10513*d**2 + 48*d - 269. Is u(6) a prime number?
False
Suppose b - p + 1 = 0, 5*b - 6 + 2 = -4*p. Suppose g - 3*j - 5 - 6 = b, 2 = -5*g - 4*j. Suppose -k + g*d = k - 1080, 0 = k + d - 542. Is k prime?
True
Let u(g) = -g**3 - g**2 + 21*g + 37273. Is u(0) a prime number?
True
Let z(r) = r**2 + 16*r + 15. Let u be z(-16). Suppose d - u*d = -4102. Is d prime?
True
Let n(j) = 1692*j**3 + j**2 - 14*j + 14. Is n(1) composite?
False
Let p(k) = 485*k**2 - 56*k + 55. Let y be p(1). Suppose 6*x - 2*x - 412 = 0. Suppose 3*m + x - y = 0. Is m a composite number?
False
Let j = 237975 - 105628. Is j prime?
True
Let y be 14/2 + (3508 - 5). Suppose 0 = -2*f - 3*m + y + 4064, -3*m = 12. Is f a composite number?
False
Let f be 1824/(-285)*(-1 - 33/2). Suppose 0 = -106*t + f*t - 177666. Is t composite?
False
Suppose 2*o - 255535 = -3*r, 58*o = 63*o + 5*r - 638830. Is o prime?
True
Let x(g) = -5*g + 11. Let b(f) = -11*f + 22. Let a(d) = -2*b(d) + 5*x(d). Let q be a(3). Suppose 5*y + 15 = 0, q*t = -5*y + 332 + 399. Is t a prime number?
True
Suppose -2*t + 25 + 31 = 0. Is (2 + 7149)*4/(t/7) prime?
True
Let f(n) = 401*n**3 + 19*n**2 + 3*n - 33. Is f(8) a composite number?
False
Let j = -1072 - 121. Sup